at is the greatest common divisor of u and 357?
51
Suppose 37*j = 35*j - 3*l + 99, 2*l = 5*j - 219. Calculate the highest common factor of j and 5.
5
Let p be 25*(58 - (-4)/(-2)). Suppose 20*r = 10*r + p. What is the highest common factor of r and 10?
10
Suppose -3*p = -4*u + 38 + 2, 0 = -5*u + 4*p + 50. Calculate the greatest common divisor of 790 and u.
10
Let w be (34/(-6))/((-6)/18). Suppose w*x - 144 = 13*x. Calculate the greatest common factor of 27 and x.
9
Suppose 4*h + 3 = -1. Let t be (-121)/(-6) - h/18*-3. What is the greatest common divisor of 20 and t?
20
Suppose -1188*n = -1173*n - 2175. What is the greatest common factor of n and 493?
29
Suppose 9 = -5*c + 259. Let j = -12 + -6. Let k be 5/(j/(-4) + -4). What is the highest common divisor of c and k?
10
Let k = 4 - 2. Let c = 194 - 189. Calculate the highest common factor of k and c.
1
Suppose 2*r - 576 = -2*r. Suppose -r = -0*d - d + 4*k, -2*k = -4. Suppose -86 = -4*q - 2*m + d, 4*q = -3*m + 243. What is the highest common factor of q and 38?
19
Suppose q - 89 = -3*m, 3*q - 4 = q. Suppose 0*a = 4*a. Suppose 5*c - 21 - m = a. Calculate the highest common divisor of 20 and c.
10
Let w be -4 + 2 + 43*2. Let f(u) = -u**3 - 6*u**2 - 15*u - 8. Let t be f(-7). Let b = t + -134. Calculate the greatest common divisor of w and b.
12
Let z(p) = -31 + p + 18 + 24. Let q be z(-10). Let v be (q + 5)*20/6. Calculate the greatest common divisor of v and 4.
4
Let a(u) = 4*u**2 - 10*u + 6. Let r be a(-10). What is the highest common factor of 138 and r?
46
Suppose -14*c - 21*c = -490. What is the highest common divisor of c and 840?
14
Let g = 466 - 262. Suppose 6*x = g + 96. Let o = x + -2. What is the greatest common factor of 12 and o?
12
Suppose 12*v + 2568 = 6*v. Let b be v/(-8) + (-9)/6. What is the greatest common factor of 13 and b?
13
Let p be -2 - (0 + 0) - 24. Let a = p + 46. Let v(f) = f**2 - 19*f - 8. Let z be v(a). Calculate the greatest common factor of 108 and z.
12
Suppose 17*a + 12 - 5928 = 0. Let j = 546 - a. What is the highest common factor of 22 and j?
22
Let w = 224 - 194. What is the greatest common factor of w and 20?
10
Suppose -3*j + 7*j - 8 = 0. Let y = j - -9. Suppose -z + y = 1. What is the greatest common factor of 4 and z?
2
Let h(t) = -t**3 - 63*t**2 - 67*t - 278. Let q be h(-62). Calculate the highest common divisor of 976 and q.
16
Let a be 24/(-10)*15/(-6). Let c(d) = 4 - 2*d + 10*d + 8*d. Let f be c(a). What is the highest common factor of f and 40?
20
Suppose 147 = 6*w - 69. Let i(s) = 2*s**2 - 2. Let g be i(-2). Calculate the greatest common divisor of g and w.
6
Suppose -m = 4*b + 8 + 3, 0 = 2*b + 6. Let t be (-16)/((-4)/m) + 20. What is the highest common factor of t and 16?
8
Suppose 7*m = 4*m + 210. Let c = -155 - -169. Calculate the highest common divisor of c and m.
14
Suppose 6*q + q = 322. Suppose 3*v = 310 - q. Calculate the highest common divisor of v and 8.
8
Suppose -51*l = -1399 - 284. Calculate the highest common factor of 1694 and l.
11
Let j = 1424 - 1193. Calculate the greatest common divisor of 168 and j.
21
Suppose 3*y + 2666 = 3*x - 826, y + 4 = 0. What is the greatest common factor of 87 and x?
29
Suppose 14 = 3*x + 4*a, x = -5*a - 0 + 12. Suppose 3*g = -2*p + 13, 2*p = g - x*p + 19. What is the highest common divisor of g and 8?
1
Let a = 3 + 5. Suppose 4*x = x + 36. Suppose 0 = x*n - 7*n - 40. Calculate the highest common divisor of a and n.
8
Let l = -28 + 13. Let p = l + 20. Calculate the greatest common divisor of 35 and p.
5
Let c(o) = o**3 - 14*o**2 + 11*o + 43. Let y be c(13). What is the highest common factor of 119 and y?
17
Suppose 0 = -4*d + 5*r + 472 + 3, 2*d + r - 241 = 0. Let y be 23 + 2/(2 - 0). Calculate the highest common divisor of y and d.
24
Suppose -5*c - 3*l = -37, 0 = -4*c - 3*l - l + 36. Suppose 0 = -10*f + c*f + 15. Calculate the highest common factor of 48 and f.
3
Suppose n = 5*j - 774, j - 56 = 5*n + 94. Calculate the greatest common factor of 5 and j.
5
Let i(f) = f**3 + 5*f**2 - 5*f + 7. Let s be i(-6). Let o = 29 + -24. Let g be (-14)/(-3) + o/15. What is the highest common factor of s and g?
1
Let m = 12 - -2. Suppose 30*a - 26*a = -2*t + 132, 62 = 2*a + 2*t. What is the greatest common divisor of a and m?
7
Suppose 0 = -18*i - 10*i + 20832. What is the greatest common divisor of i and 6?
6
Suppose g + 3 = 0, 24*z - 22*z = -3*g + 3277. What is the greatest common factor of 53 and z?
53
Let w(x) = x**2 + 21*x + 12. Let z = 33 + -54. Let p be w(z). Calculate the greatest common factor of p and 84.
12
Let u = -619 + 627. What is the highest common divisor of 176 and u?
8
Let x(l) = -9*l - 35. Let d = 78 - 85. Let p be x(d). What is the highest common divisor of p and 84?
28
Let a(s) = -2*s**3 + 4*s - 3. Let k be a(3). Let n = 15 - k. Calculate the highest common factor of 24 and n.
12
Suppose -189 - 2131 = -4*f. What is the greatest common divisor of f and 20?
20
Suppose -2*r = -r - 4, 4*u = -4*r + 368. Suppose -3*m + 7 = -17. What is the greatest common divisor of u and m?
8
Suppose -2*o - 60 = -4*q - o, -4*q + 3*o = -60. What is the highest common divisor of q and 345?
15
Suppose -36 = -j - 3*j. Suppose 0 = -10*h + 5*h + 3*b + 87, 0 = -4*h + b + 71. What is the greatest common factor of h and j?
9
Suppose 18*s - 270 = 13*s. Calculate the highest common divisor of 2 and s.
2
Let w be (-1)/(-3) - 645/(-9). Let t = -61 + w. Let q = -68 + 178. Calculate the highest common factor of t and q.
11
Suppose 3*a = 2*a + 145. Let t(l) = -l**3 - 18*l**2 + 36*l - 22. Let h be t(-20). What is the highest common factor of h and a?
29
Let b be ((-27)/(-18))/(3/138). Calculate the greatest common divisor of b and 621.
69
Let r = 16 - 34. Let o = -14 - r. Suppose -d - d + 160 = -o*u, -3*u = 5*d - 400. What is the highest common factor of d and 16?
16
Let y = 4163 - 4053. Let z be -1 - 56*(-3)/3. What is the highest common divisor of z and y?
55
Suppose 0 = 4*g - 15 - 5. Suppose -t - 11 = -g*o, 2*t - 6 = -2*o + 8. Calculate the greatest common divisor of 10 and t.
2
Suppose -513 = 5*g - 4*k, 4*k = -4*g - k - 394. Let w = g + 561. Suppose w = 10*f - 5*f. Calculate the greatest common factor of 23 and f.
23
Let s(u) = u**3 + 6*u**2 - 4*u - 6. Let o be s(-6). Suppose 0*m + 72 = 4*m. What is the greatest common factor of m and o?
18
Let q(a) = 39*a**3 - 2*a**2 - a + 3. Let j be q(1). Calculate the highest common divisor of 221 and j.
13
Let h(p) = p + 4. Let d be h(-2). Let y = d - -29. What is the highest common factor of y and 124?
31
Let h(c) = c**2 - 5*c. Let r be h(5). Let s be 1 + (-1 + (74 - -1) - r). Let a be ((-6)/(-15))/(2/150). What is the highest common factor of a and s?
15
Suppose c - 6 = 3*h + 107, 3*c + 4*h = 274. Calculate the greatest common divisor of c and 14.
14
Suppose -2*t - n + 5 = -0*n, 3*t - 1 = 5*n. Suppose -10 + 70 = t*h. Calculate the highest common divisor of 75 and h.
15
Let l = -4 - -8. Let i be (-2567)/(-170) + (-4)/40 + -5. Calculate the highest common divisor of l and i.
2
Let i(r) = -2*r**2 - r - 24. Let t be i(0). Suppose -5*g - 116 = -536. Let m = g + t. What is the greatest common divisor of 12 and m?
12
Let i(m) = 40*m - 8. Let d be i(1). Suppose -d*n - 340 = -37*n. What is the greatest common divisor of 170 and n?
34
Let l(o) = -o**3 - 4*o**2 - 3*o + 2. Let f be l(-3). Let q be (3 - -2) + -3 + -79. Let z be (0 - f)/(1/q). What is the highest common factor of z and 14?
14
Let g(p) = 2*p**3 - 76*p**2 + 7*p - 116. Let k be g(38). Calculate the highest common divisor of k and 70.
10
Suppose 1 = -0*j + j - s, -5*j + 4*s = -10. Suppose 5*n - 21 = 54. Suppose n = d + j. What is the highest common divisor of 99 and d?
9
Let y be (-6)/(-21) - 250/(-7). Let g(z) = -34 - 19 - 5*z + 22. Let j be g(-17). Calculate the greatest common divisor of j and y.
18
Let n = 13 - 4. Suppose 23*t = 58 + 11. What is the highest common divisor of n and t?
3
Let q be 6/(-39) - 134/(-26). Suppose 210 = q*b - 140. Calculate the greatest common factor of 14 and b.
14
Let l = -80 - -20. Let f be ((-90)/l)/((-6)/(-8)). Calculate the highest common factor of f and 4.
2
Let l be (-9 - -11)*(-1 - -6). Suppose 180 = 5*x - 3*x. What is the greatest common factor of x and l?
10
Let k(i) be the third derivative of i**5/60 